y(l) = 2*l - 7. Let r(t) = t**2 - 11*t + 4. Let z be r(11). Suppose 4*h - 8 = z*v, -2*v - v - 3 = -2*h. Suppose -h = -2*g + 7. What is y(g)?
3
Suppose -5*f = 3*m + 107, 5*f - 5*m + 75 = -0*m. Let y = f - -23. Let c be 3/y + (-161)/28. Let a(t) = -4*t - 4. Calculate a(c).
16
Let w be (4/(-2))/(3/6). Let m(l) = -l**2 - 7*l - 2. Calculate m(w).
10
Let f(z) = -4*z + 11. Let u(l) = 5*l - 10. Let r(v) = -3*f(v) - 2*u(v). Let h(x) = x - 6. Let c(j) = 7*h(j) - 3*r(j). Give c(5).
2
Let b(s) = 3*s**2 - 11*s + 15. Let h(u) = -2*u**2 + 5*u - 8. Let x(w) = -3*b(w) - 5*h(w). Determine x(-9).
4
Let o(h) = 3*h**3 - 15*h**2 - 11*h + 7. Let g(v) = -v**3 + 7*v**2 + 5*v - 3. Let k(w) = -5*g(w) - 2*o(w). Let f(c) = c - 8. Let s be f(5). Determine k(s).
-8
Let b(j) be the third derivative of -j**5/60 + j**4/4 + 7*j**3/6 + j**2 + 22. Let h(i) = i**2 - 6*i - 20. Let a be h(9). What is b(a)?
0
Let c(a) = -a**2 + a - 1. Let q(w) = w**3 - 4*w**2 + 5*w - 4. Let f(i) = 6*c(i) - q(i). What is f(-2)?
-4
Let h(w) be the first derivative of -3*w**3 - 1 - 1/2*w**2 + 0*w. Let u be (-1 + 3)*(-15)/30. Determine h(u).
-8
Let r(k) be the first derivative of k**4/4 + 7*k**3/3 + 5*k**2/2 + 4*k + 91. Give r(-4).
32
Let z(k) be the third derivative of k**6/120 + k**5/60 - k**4/12 + k**3/6 + 16*k**2 - 3*k. What is z(2)?
9
Let u(h) = 5*h + 1. Suppose -r = 5*q - 4, -r - 4*q + 20 = 4*r. Suppose 5*a + 5*f - 13 = -3, -a = -r*f + 3. Calculate u(a).
6
Let s(p) = -p**3 + 5*p**2 - 4*p. Let t = -10 + 8. Let q be t*(16/4 + -6). Let g be s(q). Let h(k) = -k + 5. Determine h(g).
5
Let b(t) = -t**3 - 2*t**2 + 3*t + 3. Let r be b(-3). Let u(s) = -s + 1. Let i(d) = 32*d - 28. Let j(f) = i(f) + 24*u(f). What is j(r)?
20
Suppose 4*w - 4*m + 4 = 0, -2 = 2*w - 0*m + 4*m. Let p(f) be the second derivative of f**5/4 + f**4/6 + f**3/3 + f**2/2 + 17*f. What is p(w)?
-4
Let m be (-483)/15 - (-1)/5. Let r = m - -37. Let d(l) = -l**3 + 5*l**2 + l + 2. Let t be d(r). Let v(p) = -p**3 + 7*p**2 + p - 5. Give v(t).
2
Let m(c) = -c**3 - c**2 - 1. Let b(z) be the first derivative of z**4 + 3*z**3 + z**2/2 + 6*z - 7. Let o(k) = -b(k) - 5*m(k). What is o(4)?
-5
Let j(w) = -w**2 - 1. Let u(a) = -4*a + 102. Let v be u(25). Calculate j(v).
-5
Let n(o) = o**2 + 1. Suppose 2*t + 8 - 19 = -l, 5*t - 22 = 3*l. Calculate n(t).
26
Let n(z) = z**3 + 12*z**2 + 8*z - 4. Let w(v) = 2*v**3 + 25*v**2 + 16*v - 8. Let g(t) = 7*n(t) - 3*w(t). Calculate g(-8).
-4
Let o(i) = -2*i**3 - i**2 - 2*i + 11. Let k(q) = -q**3 - q**2 - q + 2. Let h(b) = -k(b) + o(b). What is h(0)?
9
Let j(k) = 4*k**2 - 6494*k - k**2 + k**3 + 0 - 4 + 6494*k. Suppose 5*a = b + 1 - 14, 3*b = -a - 9. Calculate j(a).
-4
Let t(g) be the first derivative of g**5/120 - 2*g**4/3 + 2*g**3/3 + 18. Let o(k) be the third derivative of t(k). Calculate o(8).
-8
Let p(b) = -b**3 + 4*b**2 + 6*b - 3. Let u = 9 - 7. Suppose -18 = -f + 3*a, u*a - 34 = -2*f + 6*a. Suppose l = 4*l - f. Calculate p(l).
2
Let s be (5/15*0)/(7 + -8 + -1). Let r(x) = 3 + 0*x + 3*x - 2*x. Determine r(s).
3
Let h(l) = 5*l**2 + 9*l - 20. Let b(t) = -3*t**2 - 6*t + 13. Let i(a) = -8*b(a) - 5*h(a). Give i(4).
-8
Let f(w) be the third derivative of -w**4/24 + w**3/6 - 8*w**2. Let p(b) = 2*b - 1. Let x(g) = 4*f(g) + 3*p(g). Give x(2).
5
Let d(j) = 4*j**2 - 119 + 3*j + 4*j + 56 - 3*j**2 + 59. What is d(-8)?
4
Let g(i) = -i**2 - i. Suppose -4*p - 29 = -3*p. Let d = -27 - p. Determine g(d).
-6
Let r(c) = c**3 + c**2 + c + 24. Suppose 24*b - 4*o + 16 = 21*b, 0 = 3*b - o + 4. Give r(b).
24
Let g = 8655 - 8660. Let c(h) = 2. Let y(z) = z - 2. Let m(n) = 4*c(n) + 3*y(n). Determine m(g).
-13
Let r(z) = 6*z + 4. Let w be r(-2). Let o = 9 + w. Let d(y) = -y - 7*y + y + o. Give d(-1).
8
Let b = 13 + -12. Let c = 1 + b. Let m(r) = 0*r**c + 3*r**2 - 3 - r**3 - r**3 + 3*r**3 - 2*r. Give m(-3).
3
Let t(w) = w**3 - 9*w**2 - 4*w + 12. Suppose 125*n = 117*n + 72. Give t(n).
-24
Let h(n) = n**3 - 14*n**2 + 12*n + 13. Let y = -428 - -441. Give h(y).
0
Let i(b) = -5*b**2 - 15*b - 3. Let v(a) = 14*a**2 + 45*a + 12. Let h(l) = -17*i(l) - 6*v(l). What is h(16)?
-5
Let f(i) be the first derivative of i**2/2 + 14*i + 36. Determine f(0).
14
Let w(t) = -4*t - 1. Let a(k) = -2*k. Let d(o) = -3*a(o) + 2*w(o). Suppose 3*q + 4 = -5. What is d(q)?
4
Let g(k) = -k**3 - 2*k**2 + 8*k + 4. Let p = 316 + -320. What is g(p)?
4
Let n = -10 - -17. Suppose -9*i - 14 = -n*i. Let p(z) = -z + 3. Determine p(i).
10
Let p be (48/6 - 5)/(-1). Let x(b) = -9*b - 1. Give x(p).
26
Let k(z) = -z - 1. Let x = 41 - 20. Suppose 5*w = -2*w - x. What is k(w)?
2
Let k be (-1)/(-1) + (-244)/4. Let f = 55 + k. Let v(l) = l**3 + 5*l**2 - l + 2. Calculate v(f).
7
Let t be 3 - 0/((-3)/1). Let d(u) be the first derivative of 7*u**2/2 + 3*u - 227. Determine d(t).
24
Suppose -5*l - 10 = -10*l. Let w(k) = -k**3 - 3 - 14*k + 18*k - 2*k**2 + 3*k**l. Let a = -30 + 32. What is w(a)?
1
Suppose -11*x = -17*x. Let j(v) be the third derivative of v**4/24 - 5*v**3/6 + 11*v**2. Calculate j(x).
-5
Let t(l) be the first derivative of -3*l**2/2 - 4*l + 738. What is t(0)?
-4
Suppose 0 = -2*g - 3*g + 10. Suppose -5*i + 5 = -u + 18, u - g*i - 7 = 0. Let p(y) = -2*y + 2. Calculate p(u).
-4
Let d = 3198 - 3185. Let p(h) = h + 20. Calculate p(d).
33
Let b(p) be the first derivative of 3*p**2 + 2/3*p**3 - 5*p + 1. Let c(d) be the first derivative of b(d). What is c(-4)?
-10
Let i(w) = 5*w**2 + w + 4. Let s(x) = 4*x**2 + x + 5. Let y(d) = -4*i(d) + 3*s(d). Let z = 185 - 186. Calculate y(z).
-8
Let h(o) = -14*o**3 + o - 1. Let u be (3 + -8)*2/(-10). Calculate h(u).
-14
Let l(d) = d - 4. Let u(o) = 1. Let i(r) = -l(r) - 4*u(r). Determine i(-2).
2
Let h be -1 + 0 + (-1 - -2). Let s(w) = 8596 - 9*w**2 - 8604 + 8*w**2. Determine s(h).
-8
Let x(l) = 4*l + 1. Let h(w) = -5*w. Let v(i) = 3*h(i) + 4*x(i). Let u(y) = -2*y + 13. Let n be u(4). Suppose n*s = 18*s + 39. What is v(s)?
1
Let s(o) = -o**3 - 13*o**2 - 11*o + 14. Suppose 50 = -5*z - 10. Let a be s(z). Suppose 3*l - a*l = 6. Let k(y) = y**3 - 6*y**2 - 1. What is k(l)?
-1
Let x be (6/15)/((-5)/(-123 - 2)). Let a(z) = x - 3 + 0*z + 3 + z. What is a(0)?
10
Suppose -z - k + 24 = 13, -4*z + 40 = 3*k. Let a(d) = -7*d + 2. Determine a(z).
-47
Let n be 5 - (3/2)/((-2)/(-4)). Suppose 0 = -3*j + 3*w - 18, -n*j + 5*j + 5*w - 14 = 0. Let s(i) = -2*i**2 + 3*i + 2. Determine s(j).
-12
Let y(s) = -s**3 + 4*s**2 + 5*s - 2. Suppose 6*d - 62 + 20 = 0. Let l = d + -2. Calculate y(l).
-2
Let t = 89 + -126. Let p = t - -42. Let q(a) = -a**2 + 4*a + 4. Determine q(p).
-1
Suppose -5*p = -3*p + 4. Let t be p/(-4)*(-8)/2. Let m(r) = -2 - 224*r**2 + r**3 + 0*r - r + 0 + 225*r**2. What is m(t)?
-4
Let c(m) be the first derivative of m**2/2 + 2*m + 1. Suppose -12*b - 96 = -12. Let s = b - -12. What is c(s)?
7
Let a(z) = -90*z + 3 + 99*z - 3. Give a(1).
9
Let v = 21849 + -21855. Let p(q) be the third derivative of q**2 + 0 + 7/6*q**3 + 1/120*q**6 + 1/4*q**4 + 7/60*q**5 + 0*q. Give p(v).
7
Let j(s) be the second derivative of s**4/8 + 2*s**3/3 - 33*s**2/2 - 8*s. Let m(f) be the first derivative of j(f). Determine m(-6).
-14
Let w(p) = 11*p - 6. Let t be w(1). Let s(u) = t - 4 + 11*u**3 - 35*u**3 + 5*u**3. Give s(1).
-18
Suppose 4*i = 12 + 8, -5*n + 10 = 5*i. Let t be n/(-9)*(-1 + 7). Let l(f) = 3*f**2 - 3 + 6*f + 5*f**t + f**3 - 3*f**2 + f**2. Calculate l(-5).
-8
Let i(t) = -t**2 - 10*t - 8. Suppose w - 12 = -5*a, -3*a = -3*w - 6*a - 12. Let n be 1 + w + -1*12/6. What is i(n)?
1
Suppose -2*j + 2*t - 32 = -3*t, 3*j = -2*t - 67. Let n = -16 - j. Let f(c) = -c**3 + 6*c**2 - 3*c - 7. Calculate f(n).
3
Suppose 1 = -4*g - 7, 3*f = -3*g - 6. Let x(t) = -3 + 5 - t + 4. Give x(f).
6
Let c(f) = 100*f - 140*f + 0 - 1. What is c(-1)?
39
Let n = 6 - 2. Suppose 4*v + 3 = 7. Let d(j) = v + 1 - n*j - 1. Determine d(-2).
9
Suppose 0 = -4*s - 4*n + 8, -3*n - 4 = -5*n. Let z be (-1 - s)*(0 + 5). Let f(t) = t - 5. Determine f(z).
-10
Let n(c) be the first derivative of -c**2 + 4*c + 1. Suppose 6 = 4*q + 4*w + 78, q = 2*w - 6. Let k = q + 17. Determine n(k).
-2
Let y(n) be the first derivative of n**4/4 - 4*n**3 - n**2/2 + 13*n - 28. Give y(12).
1
Let q(f) = f**2 - 10*f + 2. Suppose 5*l - 19 = -2*c, 5*c + 3*l = -16 + 54. Give q(c).
-19
Let p(s) = -2*s + 3. Suppose n + 5 = -4*l, -5*n + 4*n = -l - 10. 